s the units digit of -2 + 8 - 6/f?
8
Let t(i) = 4*i**2 - 5*i + 41. What is the tens digit of t(8)?
5
Let x(z) = 7*z**2 + 2*z - 35. What is the units digit of x(6)?
9
Suppose -2*w + 2*i - 45 = -5*w, -3*w - 3*i = -42. What is the units digit of w?
7
Let x(k) = 0*k**2 + 6*k**2 - 3*k**2 - 9 - 2*k**2 - 7*k. What is the tens digit of x(10)?
2
Let l = -79 + 132. Suppose -5*w - 69 = -4*a, 0 = 3*a - 3*w + 5 - l. What is the tens digit of a?
1
Suppose 2*k - 3 = 5. Suppose -k*z = z - 165. What is the tens digit of z?
3
Suppose -26 = -4*c + 2*c. Let k = -7 + c. What is the units digit of k?
6
Suppose -2*n = 2, -3*k - 3*n + 1 = k. Suppose 2*m = 5*g + 18, -4*g + 3*m - 18 = -5. Let r = k - g. What is the units digit of r?
5
Let s(r) = -3*r**3 - 5*r**2 - 6*r - 3. Let o(v) = -4*v**2 + v**2 - 3*v**3 - 4*v - 2 + v**3. Let i(p) = 7*o(p) - 5*s(p). What is the units digit of i(-2)?
5
Suppose 16 = 5*s - 4. Suppose v = s*n, v = 3*n - 2*v. What is the units digit of 2 - 0/(-2 + n)?
2
Let k(q) = -6*q - 1. What is the units digit of k(-1)?
5
What is the hundreds digit of (-2 + 1 - 0)*55*-2?
1
Suppose -65 = -5*y + 395. What is the units digit of y?
2
Let o(z) = 4*z. What is the units digit of o(2)?
8
Let b be -9 - 0 - (-1)/(-1). What is the tens digit of (-344)/(-10) - (-4)/b?
3
What is the tens digit of -3*(-28)/24*8?
2
Suppose 2*k + 39 = -3*w, 1 - 27 = 2*w - k. Let g = 28 + w. What is the tens digit of g?
1
What is the tens digit of (91/26)/((-2)/(-88))?
5
Suppose v + 3 = 4*v. Let y(x) = 10*x - 1 + v. What is the units digit of y(1)?
0
Let c = 3 + 2. Suppose -28 = -c*h + 2. What is the units digit of h?
6
Let a(i) = -i - 2. Let y be a(-4). Suppose 3 = 2*f + v + 4, -2*v - y = 5*f. Suppose f = -5*b + 32 + 23. What is the units digit of b?
1
Let q(t) be the third derivative of -t**6/120 - t**5/6 - 3*t**4/8 + 2*t**3/3 + 3*t**2. Let o be q(-9). Suppose -o*j = -11 + 3. What is the units digit of j?
2
Let r = -5 - -23. Suppose -6*g - 58 = -g - b, 3*b = -g - r. What is the units digit of ((-15)/9 - -1)*g?
8
Let p(r) = 31*r**3 - 9*r + 13. Let t be ((-11)/2)/(2/4). Let w(b) = -16*b**3 + 5*b - 7. Let u(v) = t*w(v) - 6*p(v). What is the tens digit of u(-1)?
1
Suppose 87 = -4*n - t - 33, -n - 30 = -3*t. What is the units digit of ((-12)/(-15))/((-3)/n)?
8
Let l(a) be the third derivative of -a**4/24 - a**3/2 + 4*a**2. What is the units digit of l(-4)?
1
Suppose 5*w + 3*i - 462 = 0, i = -w - 54 + 148. What is the units digit of w?
0
Suppose -2*y - 112 = -6*y. What is the tens digit of y?
2
Let o = -10 - -3. Let t be ((-102)/24)/((-1)/4). Let m = o + t. What is the tens digit of m?
1
Let y(j) = -j**3 + 4*j**2 + 7*j + 1. Let t be (5/3)/(4/12). Suppose 2*l = l + t. What is the tens digit of y(l)?
1
Let m(i) = -8*i - 6. Let u be m(-8). Suppose 0 = -4*g + u + 14. What is the units digit of g?
8
Let z be (-2)/(-6)*(-2 + -1). Let w be ((-1)/z)/((-4)/(-12)). What is the tens digit of (-3 - 0)/(w/(-10))?
1
What is the units digit of 2*(-3 - 27/(-6))?
3
Suppose 0 = -3*y + 225 + 834. What is the tens digit of y?
5
Suppose 0*d = 3*d + 2*m - 700, 4*m + 456 = 2*d. What is the units digit of d?
2
Let q = 87 + -61. What is the units digit of (q/(-6) + 1)*-3?
0
Let m = 88 - 41. What is the tens digit of m?
4
Let y = 1 + 2. What is the units digit of y?
3
Suppose 5*u = -0*u - 20. Let b(w) = 17*w + 4. Let p(q) = -9*q - 2. Let c(h) = -6*b(h) - 11*p(h). What is the tens digit of c(u)?
1
Let v be 6 - (1 - 0/1). Suppose 0 = v*i - 0 - 5. What is the units digit of (i - -2)*1*2?
6
Suppose 273 = 4*h - n - 2*n, h = n + 69. Suppose -2*w - w = -h. What is the units digit of w?
2
What is the hundreds digit of (-4)/6*14175/(-50)?
1
Let k = 89 - 36. What is the tens digit of k?
5
Let x(f) = -f**3 - 9*f**2 - 3. Let w be x(-9). Let r be (-2)/w + (-16)/6. What is the units digit of (-5)/r - (-4)/8?
3
Suppose 0*u = -4*u + 364. What is the tens digit of u?
9
Suppose -3*f = u - 6, 4*f = 2*u - 9 - 3. Suppose 3*b + 5*p + 7 = 53, 0 = 2*b - 4*p + u. What is the units digit of b?
7
Suppose 8*m - m = 504. What is the tens digit of m?
7
Let j = 4 - 5. Let c = j - -4. Suppose 2*a + 16 = 2*i, -c*i + 4*a + 24 = 2*a. What is the units digit of i?
8
Let w(a) = 4*a**2 - 6*a - 3. Let k(u) = -3*u**2 + 6*u + 2. Let i(j) = -5*k(j) - 4*w(j). Let q(z) = -z + 1. Let p be q(6). What is the units digit of i(p)?
7
Let m be (15 - 13)/(4/34). Suppose 6*h - 5*h = m. What is the tens digit of h?
1
Let d(h) = h**3 - 3*h**2 - 4*h + 3. What is the units digit of d(5)?
3
Suppose -p - 2 = -17. What is the units digit of ((-22)/5)/((-3)/p)?
2
Let c(u) = -4*u - 1. Let i be c(-2). Let k(w) = -w**3 + 8*w**2 - 7*w + 3. Let l be k(i). Suppose 0 = -2*z + l + 5. What is the units digit of z?
4
Let k(y) = -1 + 9*y**2 - 3*y**2 + 0. Let w be k(-1). Suppose -z + w*z = 4. What is the units digit of z?
1
Let q = 8 - 5. Suppose -q*d - 15 = -8*d. What is the units digit of d?
3
Suppose 5*a - 6*a + 40 = 0. Suppose 4*k + 0 + a = 0. What is the units digit of (k/15)/((-2)/6)?
2
Let s be 64/14 + (-24)/42. Suppose -i + 10 = s*i. What is the units digit of i?
2
Suppose 996 - 288 = 4*n. What is the tens digit of n?
7
Suppose 0 = 3*k - 230 + 53. What is the tens digit of k?
5
Suppose 2*s + 6*z = 2*z + 16, 4*s - 2*z = 72. What is the tens digit of s?
1
Let x(d) = -4*d + 1. Let a(p) be the first derivative of p**2/2 - 3. Let h(c) = 2*a(c) - x(c). What is the units digit of h(2)?
1
What is the units digit of 0/(-1) - ((2 - 2) + -11)?
1
Suppose 4*i + 0*i - 52 = 0. What is the tens digit of i?
1
Let n(f) = 2*f + 5. Let v be n(-4). Suppose -6 = 2*r - 18. Let x = r + v. What is the units digit of x?
3
Let m be (-9)/1 + (-1 - -1). What is the units digit of m/(-6)*2 - -1?
4
Let c be -6*(-3 - -2) - 1. Let s(r) = r**3 - 7*r**2 + 6*r + 9. Let z be s(7). Suppose -2*w + z = 5*k, -c*k = 5*w + 17 - 62. What is the tens digit of k?
1
Let p = -14 + 2. Let w be 1/4 - 21/p. Suppose -n = w - 6. What is the units digit of n?
4
Let p = -19 - -34. Suppose -4*a - p = -a, 0 = 4*t + 4*a - 28. What is the units digit of t?
2
Let l(d) = 10*d**2 - d + 1. Let z be -2 + 2 + -2 + 3. What is the units digit of l(z)?
0
Suppose -2*o = -n - 10 + 50, -3*o - 150 = -4*n. What is the units digit of n?
6
Let d(m) = 30*m**2 + 2*m - 1. What is the tens digit of d(1)?
3
Suppose -33 = -3*d - 4*w + 4, 4*w = -5*d + 67. What is the units digit of d?
5
What is the units digit of (3/3)/(3/390)?
0
Let f = -24 - -5. Let d be f/(-6) + (-2)/12. Suppose m - d*m = -14. What is the units digit of m?
7
Let c(m) = m - 8. Let a be c(9). Suppose -a = -y - q, 7*q - 8 = -4*y + 4*q. What is the units digit of y?
5
Suppose -5*m + 325 = -140. What is the units digit of m?
3
Suppose 0 = 4*b - 4*d - 48, 4*b + 3*d - 67 = -5. Let t be b + (0 - (-4)/2). Let q = t + -8. What is the units digit of q?
8
Suppose i = -4, -2*i - 1 = v + 7. Let h be (1 - -1 - 1) + v. What is the units digit of (3/6*6)/h?
3
Let t = 170 - 55. Suppose -5*l + t = -w, 0 = -l - 0*l - 2*w + 34. What is the units digit of l?
4
Let q = 7 - 5. Suppose q*w - 5 = -3*w. What is the units digit of 21*(-2)/(w + -7)?
7
Suppose 0*f = 2*f. Let a = 0 - f. Suppose -5*k = -a*k - 55. What is the units digit of k?
1
Let n be 0 - ((-6 - -3) + -1). Suppose -3*q + 62 = -n*u, -3*q + 15 = 5*u - 2. What is the tens digit of q?
1
Let y(l) = 66*l**2 + 11*l - 17. What is the hundreds digit of y(2)?
2
Let r be (-244)/(-16) + (-2)/8. Suppose r = 3*o - 0*o. Suppose -o*x - 4*t + 76 = 0, 0*x + 4*x + 3*t - 60 = 0. What is the tens digit of x?
1
Let r be 3/9*3 - -1. What is the units digit of -16*(3/2 - r)?
8
Suppose 5*f + h = 450, -11*h + 14*h = 3*f - 252. What is the units digit of f?
9
Let o(k) = -k + 3. Let j be o(4). Let r(d) = -8*d - 1. Let w be r(j). Let i = 4 + w. What is the units digit of i?
1
Suppose -2*k + 5*x = 32 + 23, 4*x = 5*k + 95. Let w = 24 + k. What is the units digit of w?
9
Let p = 6 - 4. Suppose -4 = -p*b + 2*f, b + 0 + 8 = 3*f. What is the units digit of b?
7
Let f(c) = -c**2 + 10. Let t be f(0). Suppose -6*v - t = -8*v. What is the units digit of v?
5
Let p(g) = g**2 - 4*g - 2. Let d(s) = 2*s - 6. Let i be d(4). Suppose 6 + i = 2*o + r, -r = -o + 10. What is the tens digit of p(o)?
1
Let g = -29 + 21. What is the units digit of (-20)/g*32/10?
8
Suppose 0 = -s + 48 + 14. What i